{"id":3150,"date":"2023-09-09T11:44:11","date_gmt":"2023-09-09T11:44:11","guid":{"rendered":"https:\/\/www.hedvabnysvet.cz\/?page_id=3150"},"modified":"2023-09-22T05:42:50","modified_gmt":"2023-09-22T05:42:50","slug":"velkoobchod","status":"publish","type":"page","link":"https:\/\/www.hedvabnysvet.cz\/?page_id=3150","title":{"rendered":"Velkoobchod"},"content":{"rendered":"<style>.kb-row-layout-id_188008-1f > .kt-row-column-wrap{align-content:start;}:where(.kb-row-layout-id_188008-1f > .kt-row-column-wrap) > .wp-block-kadence-column{justify-content:start;}.kb-row-layout-id_188008-1f > .kt-row-column-wrap{column-gap:var(--global-kb-gap-md, 2rem);row-gap:var(--global-kb-gap-md, 2rem);max-width:var( --global-content-width, 1197px );padding-left:var(--global-content-edge-padding);padding-right:var(--global-content-edge-padding);grid-template-columns:minmax(0, 1fr);}.kb-row-layout-id_188008-1f > .kt-row-layout-overlay{opacity:0.30;}@media all and (max-width: 1024px){.kb-row-layout-id_188008-1f > .kt-row-column-wrap{grid-template-columns:minmax(0, 1fr);}}@media all and (max-width: 767px){.kb-row-layout-id_188008-1f > .kt-row-column-wrap{grid-template-columns:minmax(0, 1fr);}}<\/style><div class=\"kb-row-layout-wrap kb-row-layout-id_188008-1f alignfull has-theme-palette9-background-color kt-row-has-bg wp-block-kadence-rowlayout\"><div class=\"kt-row-column-wrap kt-has-1-columns kt-row-layout-equal kt-tab-layout-inherit kt-mobile-layout-row kt-row-valign-top kb-theme-content-width\">\n<style>.kadence-column_70ea86-27, .kt-inside-inner-col > .kadence-column_70ea86-27:not(.specificity){margin-bottom:0px;}.kadence-column_70ea86-27 > .kt-inside-inner-col{padding-bottom:0px;}.kadence-column_70ea86-27 > .kt-inside-inner-col,.kadence-column_70ea86-27 > .kt-inside-inner-col:before{border-top-left-radius:0px;border-top-right-radius:0px;border-bottom-right-radius:0px;border-bottom-left-radius:0px;}.kadence-column_70ea86-27 > .kt-inside-inner-col{justify-content:flex-start;flex-direction:column;display:flex;}.kadence-column_70ea86-27 > .kt-inside-inner-col > .aligncenter{width:100%;}.kt-row-column-wrap > .kadence-column_70ea86-27{align-self:flex-start;}.kt-inner-column-height-full:not(.kt-has-1-columns) > .wp-block-kadence-column.kadence-column_70ea86-27{align-self:auto;}.kt-inner-column-height-full:not(.kt-has-1-columns) > .wp-block-kadence-column.kadence-column_70ea86-27 > .kt-inside-inner-col{display:flex;flex-direction:column;justify-content:flex-start;}.kadence-column_70ea86-27 > .kt-inside-inner-col:before{opacity:0.3;}.kadence-column_70ea86-27{position:relative;}<\/style>\n<div class=\"wp-block-kadence-column kadence-column_70ea86-27 kb-section-dir-vertical inner-column-2\"><div class=\"kt-inside-inner-col\"><style>.wp-block-kadence-advancedheading.kt-adv-heading_51fcf9-f9, .wp-block-kadence-advancedheading.kt-adv-heading_51fcf9-f9[data-kb-block=\"kb-adv-heading_51fcf9-f9\"]{padding-right:40%;margin-top:0px;margin-bottom:0px;font-size:var(--global-kb-font-size-lg, 2rem);line-height:1;font-style:normal;}.wp-block-kadence-advancedheading.kt-adv-heading_51fcf9-f9 mark, .wp-block-kadence-advancedheading.kt-adv-heading_51fcf9-f9[data-kb-block=\"kb-adv-heading_51fcf9-f9\"] mark{font-style:normal;color:#f76a0c;padding-top:0px;padding-right:0px;padding-bottom:0px;padding-left:0px;}@media all and (max-width: 1024px){.wp-block-kadence-advancedheading.kt-adv-heading_51fcf9-f9, .wp-block-kadence-advancedheading.kt-adv-heading_51fcf9-f9[data-kb-block=\"kb-adv-heading_51fcf9-f9\"]{padding-right:0%;margin-bottom:20px;}}@media all and (max-width: 767px){.wp-block-kadence-advancedheading.kt-adv-heading_51fcf9-f9, .wp-block-kadence-advancedheading.kt-adv-heading_51fcf9-f9[data-kb-block=\"kb-adv-heading_51fcf9-f9\"]{font-size:var(--global-kb-font-size-lg, 2rem);}}<\/style>\n<h2 class=\"kt-adv-heading_51fcf9-f9 wp-block-kadence-advancedheading has-theme-palette-3-color has-text-color\" data-kb-block=\"kb-adv-heading_51fcf9-f9\"><\/h2>\n\n\n<style>.wp-block-kadence-advancedheading.kt-adv-heading_fe6a0f-c6, .wp-block-kadence-advancedheading.kt-adv-heading_fe6a0f-c6[data-kb-block=\"kb-adv-heading_fe6a0f-c6\"]{padding-top:0px;padding-bottom:var(--global-kb-spacing-sm, 1.5rem);margin-top:0px;margin-bottom:0px;font-size:var(--global-kb-font-size-lg, 2rem);font-style:normal;}.wp-block-kadence-advancedheading.kt-adv-heading_fe6a0f-c6 mark, .wp-block-kadence-advancedheading.kt-adv-heading_fe6a0f-c6[data-kb-block=\"kb-adv-heading_fe6a0f-c6\"] mark{font-style:normal;color:#f76a0c;padding-top:0px;padding-right:0px;padding-bottom:0px;padding-left:0px;}@media all and (max-width: 1024px){.wp-block-kadence-advancedheading.kt-adv-heading_fe6a0f-c6, .wp-block-kadence-advancedheading.kt-adv-heading_fe6a0f-c6[data-kb-block=\"kb-adv-heading_fe6a0f-c6\"]{line-height:1;}}<\/style>\n<p class=\"kt-adv-heading_fe6a0f-c6 wp-block-kadence-advancedheading has-theme-palette-3-color has-text-color\" data-kb-block=\"kb-adv-heading_fe6a0f-c6\">Chcete odeb\u00edrat ihned a nab\u00edzet na\u0161e hedv\u00e1bn\u00e9 produkty sv\u00fdm z\u00e1kazn\u00edk\u016fm? Je to jednoduch\u00e9 a rychl\u00e9. Sta\u010d\u00ed k tomu 3 kroky. <\/p>\n\n\n\n<p><\/p>\n<\/div><\/div>\n\n<\/div><\/div>\n\n<style>.kb-row-layout-id_6a6a2b-19 > .kt-row-column-wrap{align-content:start;}:where(.kb-row-layout-id_6a6a2b-19 > .kt-row-column-wrap) > .wp-block-kadence-column{justify-content:start;}.kb-row-layout-id_6a6a2b-19 > .kt-row-column-wrap{column-gap:var(--global-kb-gap-lg, 4rem);row-gap:var(--global-kb-gap-md, 2rem);max-width:var( --global-content-width, 1197px );padding-left:var(--global-content-edge-padding);padding-right:var(--global-content-edge-padding);padding-top:var(--global-kb-spacing-lg, 3rem);padding-bottom:var(--global-kb-spacing-lg, 3rem);grid-template-columns:repeat(3, minmax(0, 1fr));}.kb-row-layout-id_6a6a2b-19 > .kt-row-layout-overlay{opacity:0.30;}@media all and (max-width: 1024px){.kb-row-layout-id_6a6a2b-19 > .kt-row-column-wrap{grid-template-columns:repeat(3, minmax(0, 1fr));}}@media all and (max-width: 767px){.kb-row-layout-id_6a6a2b-19 > .kt-row-column-wrap{grid-template-columns:minmax(0, 1fr);}}<\/style><div class=\"kb-row-layout-wrap kb-row-layout-id_6a6a2b-19 alignfull has-theme-palette9-background-color kt-row-has-bg wp-block-kadence-rowlayout\"><div class=\"kt-row-column-wrap kt-has-3-columns kt-row-layout-equal kt-tab-layout-inherit kt-mobile-layout-row kt-row-valign-top kb-theme-content-width\">\n<style>.kadence-column_7b5dab-1e > .kt-inside-inner-col{padding-left:20px;}.kadence-column_7b5dab-1e > .kt-inside-inner-col,.kadence-column_7b5dab-1e > .kt-inside-inner-col:before{border-top-left-radius:0px;border-top-right-radius:0px;border-bottom-right-radius:0px;border-bottom-left-radius:0px;}.kadence-column_7b5dab-1e > .kt-inside-inner-col:before{opacity:0.3;}.kadence-column_7b5dab-1e{position:relative;}@media all and (max-width: 767px){.kadence-column_7b5dab-1e > .kt-inside-inner-col{padding-left:0px;}}<\/style>\n<div class=\"wp-block-kadence-column kadence-column_7b5dab-1e inner-column-1\"><div class=\"kt-inside-inner-col\"><style>.wp-block-kadence-image.kb-image_610d16-e2:not(.kb-specificity-added):not(.kb-extra-specificity-added){margin-bottom:var(--global-kb-spacing-sm, 1.5rem);}.kb-image_610d16-e2 .kb-image-has-overlay:after{opacity:0.3;}<\/style>\n<figure class=\"wp-block-kadence-image kb-image_610d16-e2 kb-image-is-ratio-size\"><div class=\"kb-is-ratio-image kb-image-ratio-land43\"><img loading=\"lazy\" decoding=\"async\" width=\"380\" height=\"380\" src=\"http:\/\/www.hedvabnysvet.cz\/wp-content\/uploads\/2023\/09\/a0bf0e6cac53e5dd6a3dbedec0f9d505.png\" alt=\"\" class=\"kb-img wp-image-3126\" srcset=\"https:\/\/www.hedvabnysvet.cz\/wp-content\/uploads\/2023\/09\/a0bf0e6cac53e5dd6a3dbedec0f9d505.png 380w, https:\/\/www.hedvabnysvet.cz\/wp-content\/uploads\/2023\/09\/a0bf0e6cac53e5dd6a3dbedec0f9d505-300x300.png 300w, https:\/\/www.hedvabnysvet.cz\/wp-content\/uploads\/2023\/09\/a0bf0e6cac53e5dd6a3dbedec0f9d505-150x150.png 150w\" sizes=\"auto, (max-width: 380px) 100vw, 380px\" \/><\/div><\/figure>\n\n\n<style>.wp-block-kadence-advancedheading.kt-adv-heading_1673ec-08, .wp-block-kadence-advancedheading.kt-adv-heading_1673ec-08[data-kb-block=\"kb-adv-heading_1673ec-08\"]{margin-top:0px;margin-bottom:var(--global-kb-spacing-xs, 1rem);font-size:var(--global-kb-font-size-md, 1.25rem);font-style:normal;}.wp-block-kadence-advancedheading.kt-adv-heading_1673ec-08 mark, .wp-block-kadence-advancedheading.kt-adv-heading_1673ec-08[data-kb-block=\"kb-adv-heading_1673ec-08\"] mark{font-style:normal;color:#f76a0c;padding-top:0px;padding-right:0px;padding-bottom:0px;padding-left:0px;}<\/style>\n<h2 class=\"kt-adv-heading_1673ec-08 wp-block-kadence-advancedheading has-theme-palette-3-color has-text-color\" data-kb-block=\"kb-adv-heading_1673ec-08\">1. Poj\u010fme se spojit<\/h2>\n\n\n<style>.wp-block-kadence-advancedheading.kt-adv-heading_1fae9e-9f, .wp-block-kadence-advancedheading.kt-adv-heading_1fae9e-9f[data-kb-block=\"kb-adv-heading_1fae9e-9f\"]{font-style:normal;}.wp-block-kadence-advancedheading.kt-adv-heading_1fae9e-9f mark, .wp-block-kadence-advancedheading.kt-adv-heading_1fae9e-9f[data-kb-block=\"kb-adv-heading_1fae9e-9f\"] mark{font-style:normal;color:#f76a0c;padding-top:0px;padding-right:0px;padding-bottom:0px;padding-left:0px;}<\/style>\n<p class=\"kt-adv-heading_1fae9e-9f wp-block-kadence-advancedheading has-theme-palette-4-color has-text-color\" data-kb-block=\"kb-adv-heading_1fae9e-9f\">M\u016f\u017eete n\u00e1m zavolat nebo napsat. N\u00e1s bude zaj\u00edmat, kde na\u0161e produkty chcete nab\u00edzet a na opl\u00e1tku v\u00e1m sd\u011bl\u00edme ve\u0161ker\u00e9 detaily ke spolupr\u00e1ci  a probereme, jak v\u00e1s m\u016f\u017eeme podpo\u0159it.<\/p>\n<\/div><\/div>\n\n\n<style>.kadence-column_f45896-9b > .kt-inside-inner-col,.kadence-column_f45896-9b > .kt-inside-inner-col:before{border-top-left-radius:0px;border-top-right-radius:0px;border-bottom-right-radius:0px;border-bottom-left-radius:0px;}.kadence-column_f45896-9b > .kt-inside-inner-col:before{opacity:0.3;}.kadence-column_f45896-9b{position:relative;}<\/style>\n<div class=\"wp-block-kadence-column kadence-column_f45896-9b inner-column-1\"><div class=\"kt-inside-inner-col\"><style>.wp-block-kadence-image.kb-image_7c4255-8d:not(.kb-specificity-added):not(.kb-extra-specificity-added){margin-bottom:var(--global-kb-spacing-sm, 1.5rem);}.kb-image_7c4255-8d .kb-image-has-overlay:after{opacity:0.3;}<\/style>\n<figure class=\"wp-block-kadence-image kb-image_7c4255-8d kb-image-is-ratio-size\"><div class=\"kb-is-ratio-image kb-image-ratio-land43\"><img loading=\"lazy\" decoding=\"async\" width=\"960\" height=\"960\" src=\"http:\/\/www.hedvabnysvet.cz\/wp-content\/uploads\/2023\/08\/H659f11a4003a4be59fd3dfd76d5610a8e.jpg_960x960.webp\" alt=\"\" class=\"kb-img wp-image-2853\" srcset=\"https:\/\/www.hedvabnysvet.cz\/wp-content\/uploads\/2023\/08\/H659f11a4003a4be59fd3dfd76d5610a8e.jpg_960x960.webp 960w, https:\/\/www.hedvabnysvet.cz\/wp-content\/uploads\/2023\/08\/H659f11a4003a4be59fd3dfd76d5610a8e.jpg_960x960-300x300.webp 300w, https:\/\/www.hedvabnysvet.cz\/wp-content\/uploads\/2023\/08\/H659f11a4003a4be59fd3dfd76d5610a8e.jpg_960x960-150x150.webp 150w, https:\/\/www.hedvabnysvet.cz\/wp-content\/uploads\/2023\/08\/H659f11a4003a4be59fd3dfd76d5610a8e.jpg_960x960-768x768.webp 768w\" sizes=\"auto, (max-width: 960px) 100vw, 960px\" \/><\/div><\/figure>\n\n\n<style>.wp-block-kadence-advancedheading.kt-adv-heading_ff7e96-57, .wp-block-kadence-advancedheading.kt-adv-heading_ff7e96-57[data-kb-block=\"kb-adv-heading_ff7e96-57\"]{margin-top:0px;margin-bottom:var(--global-kb-spacing-xs, 1rem);font-size:var(--global-kb-font-size-md, 1.25rem);font-style:normal;}.wp-block-kadence-advancedheading.kt-adv-heading_ff7e96-57 mark, .wp-block-kadence-advancedheading.kt-adv-heading_ff7e96-57[data-kb-block=\"kb-adv-heading_ff7e96-57\"] mark{font-style:normal;color:#f76a0c;padding-top:0px;padding-right:0px;padding-bottom:0px;padding-left:0px;}<\/style>\n<h2 class=\"kt-adv-heading_ff7e96-57 wp-block-kadence-advancedheading has-theme-palette-3-color has-text-color\" data-kb-block=\"kb-adv-heading_ff7e96-57\">2. Zaregistrujte se<\/h2>\n\n\n<style>.wp-block-kadence-advancedheading.kt-adv-heading_ceba5b-29, .wp-block-kadence-advancedheading.kt-adv-heading_ceba5b-29[data-kb-block=\"kb-adv-heading_ceba5b-29\"]{font-style:normal;}.wp-block-kadence-advancedheading.kt-adv-heading_ceba5b-29 mark, .wp-block-kadence-advancedheading.kt-adv-heading_ceba5b-29[data-kb-block=\"kb-adv-heading_ceba5b-29\"] mark{font-style:normal;color:#f76a0c;padding-top:0px;padding-right:0px;padding-bottom:0px;padding-left:0px;}<\/style>\n<p class=\"kt-adv-heading_ceba5b-29 wp-block-kadence-advancedheading has-theme-palette-4-color has-text-color\" data-kb-block=\"kb-adv-heading_ceba5b-29\">Na na\u0161em prodejn\u00edm webu www.whiteorchid.cz se zaregistrujte jako z\u00e1kazn\u00edk. Vypln\u00edte si firemn\u00ed \u00fadaje tak, jak chcete, aby se V\u00e1m objevovaly na faktu\u0159e.<\/p>\n<\/div><\/div>\n\n\n<style>.kadence-column_bcd2ca-d1 > .kt-inside-inner-col{padding-right:20px;}.kadence-column_bcd2ca-d1 > .kt-inside-inner-col,.kadence-column_bcd2ca-d1 > .kt-inside-inner-col:before{border-top-left-radius:0px;border-top-right-radius:0px;border-bottom-right-radius:0px;border-bottom-left-radius:0px;}.kadence-column_bcd2ca-d1 > .kt-inside-inner-col:before{opacity:0.3;}.kadence-column_bcd2ca-d1{position:relative;}@media all and (max-width: 767px){.kadence-column_bcd2ca-d1 > .kt-inside-inner-col{padding-right:0px;}}<\/style>\n<div class=\"wp-block-kadence-column kadence-column_bcd2ca-d1 inner-column-1\"><div class=\"kt-inside-inner-col\"><style>.wp-block-kadence-image.kb-image_196975-e0:not(.kb-specificity-added):not(.kb-extra-specificity-added){margin-bottom:var(--global-kb-spacing-sm, 1.5rem);}.kb-image_196975-e0 .kb-image-has-overlay:after{opacity:0.3;}<\/style>\n<figure class=\"wp-block-kadence-image kb-image_196975-e0 kb-image-is-ratio-size\"><div class=\"kb-is-ratio-image kb-image-ratio-land43\"><img loading=\"lazy\" decoding=\"async\" width=\"200\" height=\"200\" src=\"http:\/\/www.hedvabnysvet.cz\/wp-content\/uploads\/2023\/09\/Hf112e829ae0a480dad66b2a36045abaf8_small.jpg\" alt=\"\" class=\"kb-img wp-image-3023\" srcset=\"https:\/\/www.hedvabnysvet.cz\/wp-content\/uploads\/2023\/09\/Hf112e829ae0a480dad66b2a36045abaf8_small.jpg 200w, https:\/\/www.hedvabnysvet.cz\/wp-content\/uploads\/2023\/09\/Hf112e829ae0a480dad66b2a36045abaf8_small-150x150.jpg 150w\" sizes=\"auto, (max-width: 200px) 100vw, 200px\" \/><\/div><\/figure>\n\n\n<style>.wp-block-kadence-advancedheading.kt-adv-heading_ed72c2-b8, .wp-block-kadence-advancedheading.kt-adv-heading_ed72c2-b8[data-kb-block=\"kb-adv-heading_ed72c2-b8\"]{margin-top:0px;margin-bottom:var(--global-kb-spacing-xs, 1rem);font-size:var(--global-kb-font-size-md, 1.25rem);font-style:normal;}.wp-block-kadence-advancedheading.kt-adv-heading_ed72c2-b8 mark, .wp-block-kadence-advancedheading.kt-adv-heading_ed72c2-b8[data-kb-block=\"kb-adv-heading_ed72c2-b8\"] mark{font-style:normal;color:#f76a0c;padding-top:0px;padding-right:0px;padding-bottom:0px;padding-left:0px;}<\/style>\n<h2 class=\"kt-adv-heading_ed72c2-b8 wp-block-kadence-advancedheading has-theme-palette-3-color has-text-color\" data-kb-block=\"kb-adv-heading_ed72c2-b8\">3. M\u016f\u017eete nakupovat<\/h2>\n\n\n<style>.wp-block-kadence-advancedheading.kt-adv-heading_5522ae-bb, .wp-block-kadence-advancedheading.kt-adv-heading_5522ae-bb[data-kb-block=\"kb-adv-heading_5522ae-bb\"]{font-style:normal;}.wp-block-kadence-advancedheading.kt-adv-heading_5522ae-bb mark, .wp-block-kadence-advancedheading.kt-adv-heading_5522ae-bb[data-kb-block=\"kb-adv-heading_5522ae-bb\"] mark{font-style:normal;color:#f76a0c;padding-top:0px;padding-right:0px;padding-bottom:0px;padding-left:0px;}<\/style>\n<p class=\"kt-adv-heading_5522ae-bb wp-block-kadence-advancedheading has-theme-palette-4-color has-text-color\" data-kb-block=\"kb-adv-heading_5522ae-bb\">Po registraci v\u00e1s p\u0159e\u0159ad\u00edme k velkoobchodn\u00edm z\u00e1kazn\u00edk\u016fm a vy m\u016f\u017eete za\u010d\u00edt nakupovat. V\u0161e m\u016f\u017eete stihnout b\u011bhem 1 dne a druh\u00fd den m\u00edt u\u017e zbo\u017e\u00ed u v\u00e1s.<\/p>\n<\/div><\/div>\n\n<\/div><\/div>\n\n\n<p><\/p>\n","protected":false},"excerpt":{"rendered":"<p>Chcete odeb\u00edrat ihned a nab\u00edzet na\u0161e hedv\u00e1bn\u00e9 produkty sv\u00fdm z\u00e1kazn\u00edk\u016fm? Je to jednoduch\u00e9 a rychl\u00e9. Sta\u010d\u00ed k tomu 3 kroky. 1. Poj\u010fme se spojit M\u016f\u017eete n\u00e1m zavolat nebo napsat. N\u00e1s bude zaj\u00edmat, kde na\u0161e produkty chcete nab\u00edzet a na opl\u00e1tku v\u00e1m sd\u011bl\u00edme ve\u0161ker\u00e9 detaily ke spolupr\u00e1ci a probereme, jak v\u00e1s m\u016f\u017eeme podpo\u0159it. 2. Zaregistrujte se&#8230;<\/p>\n","protected":false},"author":1,"featured_media":0,"parent":0,"menu_order":0,"comment_status":"closed","ping_status":"closed","template":"","meta":{"_kad_post_transparent":"","_kad_post_title":"","_kad_post_layout":"","_kad_post_sidebar_id":"","_kad_post_content_style":"","_kad_post_vertical_padding":"","_kad_post_feature":"","_kad_post_feature_position":"","_kad_post_header":false,"_kad_post_footer":false,"footnotes":""},"class_list":["post-3150","page","type-page","status-publish","hentry"],"_links":{"self":[{"href":"https:\/\/www.hedvabnysvet.cz\/index.php?rest_route=\/wp\/v2\/pages\/3150","targetHints":{"allow":["GET"]}}],"collection":[{"href":"https:\/\/www.hedvabnysvet.cz\/index.php?rest_route=\/wp\/v2\/pages"}],"about":[{"href":"https:\/\/www.hedvabnysvet.cz\/index.php?rest_route=\/wp\/v2\/types\/page"}],"author":[{"embeddable":true,"href":"https:\/\/www.hedvabnysvet.cz\/index.php?rest_route=\/wp\/v2\/users\/1"}],"replies":[{"embeddable":true,"href":"https:\/\/www.hedvabnysvet.cz\/index.php?rest_route=%2Fwp%2Fv2%2Fcomments&post=3150"}],"version-history":[{"count":28,"href":"https:\/\/www.hedvabnysvet.cz\/index.php?rest_route=\/wp\/v2\/pages\/3150\/revisions"}],"predecessor-version":[{"id":3365,"href":"https:\/\/www.hedvabnysvet.cz\/index.php?rest_route=\/wp\/v2\/pages\/3150\/revisions\/3365"}],"wp:attachment":[{"href":"https:\/\/www.hedvabnysvet.cz\/index.php?rest_route=%2Fwp%2Fv2%2Fmedia&parent=3150"}],"curies":[{"name":"wp","href":"https:\/\/api.w.org\/{rel}","templated":true}]}}